86815 prime?
False
Is 48943 composite?
True
Is 18013 prime?
True
Is 47037 prime?
False
Is 40343 a composite number?
False
Is 32297 composite?
False
Is 1347191 a prime number?
True
Is 187 a prime number?
False
Is 6611 a composite number?
True
Is 1575487 composite?
True
Is 9767 a prime number?
True
Is 70261 prime?
False
Is 251 a composite number?
False
Is 7631 a composite number?
True
Is 2654263 composite?
False
Is 6943 prime?
False
Is 9527 prime?
False
Is 5381 a prime number?
True
Is 495791 composite?
False
Is 599195 a prime number?
False
Is 24617 a prime number?
False
Is 20431 a prime number?
True
Is 189479 composite?
False
Is 13147 composite?
False
Is 87335 a prime number?
False
Is 281579 prime?
True
Is 372107 prime?
True
Is 14699 a composite number?
False
Is 10391 a prime number?
True
Is 65179 a composite number?
False
Is 238771 a prime number?
False
Is 305 composite?
True
Is 16241 prime?
False
Is 11131 composite?
False
Is 198109 composite?
False
Is 1113863 a composite number?
False
Is 12373 prime?
True
Is 151499 composite?
False
Is 74597 composite?
False
Is 1261277 composite?
True
Is 774103 a prime number?
False
Is 143159 composite?
False
Is 115503 a prime number?
False
Is 22433 prime?
True
Is 50017 prime?
False
Is 71681 composite?
True
Is 31121 a composite number?
False
Is 737233 prime?
False
Is 31469 composite?
False
Is 15857 a composite number?
True
Is 61679 a prime number?
False
Is 442931 a prime number?
False
Is 315223 prime?
True
Is 916711 prime?
False
Is 139037 prime?
False
Is 648213 composite?
True
Is 49733 composite?
True
Is 623127 a composite number?
True
Is 122773 prime?
False
Is 154387 a composite number?
False
Is 4737 prime?
False
Is 13931 a prime number?
True
Is 1513 a composite number?
True
Is 259547 prime?
True
Is 2901 prime?
False
Is 56249 a composite number?
False
Is 5209 prime?
True
Is 7993 a prime number?
True
Is 8663 a prime number?
True
Is 16057 prime?
True
Is 52385 a composite number?
True
Is 560305 a prime number?
False
Is 17117 a composite number?
False
Is 167361 composite?
True
Is 342929 prime?
True
Is 31985 a prime number?
False
Is 12049 composite?
False
Is 13813 composite?
True
Is 914569 a prime number?
True
Is 138513 a composite number?
True
Is 210251 a composite number?
True
Is 17291 prime?
True
Is 6637 prime?
True
Is 1049273 a composite number?
True
Is 137087 a prime number?
True
Is 68953 a composite number?
True
Is 3227551 prime?
True
Is 42979 composite?
False
Is 5191 composite?
True
Is 1949 a prime number?
True
Is 5189 prime?
True
Is 190243 a prime number?
True
Is 388283 composite?
True
Is 18839 prime?
True
Is 237091 prime?
True
Is 70639 prime?
True
Is 7369 prime?
True
Is 15253 a prime number?
False
Is 106489 a composite number?
True
Is 494111 composite?
True
Is 87853 a composite number?
False
Is 178331 a prime number?
False
Is 202907 a prime number?
True
Is 137909 a composite number?
False
Is 32822 prime?
False
Is 29473 a prime number?
True
Is 905 a composite number?
True
Is 54311 composite?
False
Is 12883 composite?
True
Is 91753 a prime number?
True
Is 242281 a composite number?
True
Is 575441 a composite number?
False
Is 195427 a prime number?
True
Is 9865 a prime number?
False
Is 29929 a prime number?
False
Is 12197 a composite number?
False
Is 29459 a prime number?
False
Is 164487 a prime number?
False
Is 107405 a prime number?
False
Is 59593 composite?
True
Is 50111 prime?
True
Is 2657 composite?
False
Is 143093 a composite number?
False
Is 4609 prime?
False
Is 14171 composite?
True
Is 464467 composite?
False
Is 11197 composite?
False
Is 827501 a composite number?
False
Is 79127 a composite number?
True
Is 110419 prime?
True
Is 8747 composite?
False
Is 3163 a composite number?
False
Is 1277 prime?
True
Is 58889 a prime number?
True
Is 770639 prime?
True
Is 206699 a composite number?
False
Is 16703 a prime number?
True
Is 16769 a composite number?
True
Is 15503 prime?
False
Is 71377 a composite number?
True
Is 542021 a prime number?
True
Is 40577 composite?
False
Is 5471 prime?
True
Is 136103 composite?
True
Is 30619 a prime number?
False
Is 165063 prime?
False
Is 98609 a prime number?
False
Is 19841 a composite number?
False
Is 40498 a prime number?
False
Is 151897 a prime number?
True
Is 48403 composite?
True
Is 6711 a composite number?
True
Is 41321 composite?
True
Is 77199 a composite number?
True
Is 14519 a composite number?
False
Is 999239 composite?
False
Is 8453 a composite number?
True
Is 10643 composite?
True
Is 36082 a prime number?
False
Is 75913 a composite number?
False
Is 86537 prime?
False
Is 1205023 composite?
True
Is 87443 a composite number?
False
Is 112159 composite?
True
Is 28703 a composite number?
False
Is 16649 a composite number?
False
Is 106591 a prime number?
True
Is 11749 prime?
False
Is 312415 prime?
False
Is 523793 a prime number?
True
Is 61877 a prime number?
False
Is 112963 composite?
True
Is 32869 a composite number?
False
Is 148543 composite?
True
Is 218357 prime?
True
Is 7807 composite?
True
Is 245519 a prime number?
True
Is 213431 a prime number?
False
Is 440807 composite?
False
Is 105167 a composite number?
False
Is 1211 prime?
False
Is 13343 composite?
True
Is 4583 a composite number?
False
Is 566149 composite?
False
Is 37243 a prime number?
True
Is 1654 a composite number?
True
Is 971077 a prime number?
True
Is 148513 a composite number?
False
Is 127807 composite?
False
Is 44734 composite?
True
Is 334973 composite?
False
Is 140827 prime?
True
Is 906313 a composite number?
False
Is 360587 composite?
True
Is 15109 a composite number?
True
Is 994985 a composite number?
True
Is 593357 prime?
False
Is 253193 composite?
True
Is 250513 composite?
True
Is 126053 a composite number?
True
Is 97711 prime?
True
Is 2807795 composite?
True
Is 5998 composite?
True
Is 9391 composite?
False
Is 3901 a prime number?
False
Is 30479 a prime number?
False
Is 119159 a composite number?
False
Is 7615 prime?
False
Is 66337 composite?
False
Is 19717 composite?
False
Is 1914527 a prime number?
True
Is 629681 composite?
True
Is 37795 composite?
True
Is 17657 a composite number?
False
Is 71339 prime?
True
Is 1627553 prime?
True
Is 3946 a prime number?
False
Is 7391 a composite number?
True
Is 11794 prime?
False
Is 41771 a composite number?
False
Is 31069 a prime number?
True
Is 29119 a prime number?
False
Is 16595 prime?
False
Is 33959 composite?
True
Is 60191 a composite number?
True
Is 4771 a prime number?
False
Is 30577 a prime number?
True
Is 3449 a composite number?
False
Is 4679 a prime number?
True
Is 5617 prime?
False
Is 9502 composite?
True
Is 24287 a prime number?
False
Is 994679 prime?
False
Is 8962 composite?
True
Is 537269 composite?
False
Is 339 prime?
False
Is 19237 a prime number?
True
Is 177587 a composite number?
True
Is 91157 a prime number?
False
Is 12991 a prime number?
False
Is 59333 prime?
True
Is 94567 a prime number?
False
Is 8999 composite?
False
Is 48905 a prime number?
False
Is 11351 prime?
True
Is 28499 a composite number?
False
Is 97771 prime?
True
Is 127891 prime?
False
Is 35627 a composite number?
True
Is 28349 prime?
True
Is 586779 prime?
False
Is 20431 composite?
False
Is 2846053 a composite number?
True
Is 1354931 a prime number?
True
Is 657253 a prime number?
False
Is 9799 a composite number?
True
Is 32699 a composite number?
True
Is 5939 a composite number?
False
Is 476299 composite?
False
Is 3799 prime?
False
Is 586001 prime?
False
Is 16301 a prime number?
True
Is 53141 composite?
True
Is 16183 a prime number?
True
Is 2173 prime?
False
Is 167711 a composite number?
False
Is 585859 composite?
True
Is 68437 composite?
False
Is 231257 a prime number?
False
Is 56926 prime?
False
Is 2819 a composite number?
False
Is 12659 a composite number?
False
Is 8963 composite?
False
Is 4699 a composite number?
True
Is 1531 composite?
False
Is 4007513 a prime number?
True
Is 84673 a composite number?
False
Is 2498521 a composite number?
False
Is 62171 a prime number?
True
Is 98401 prime?
False
Is 1097 composite?
False
Is 18833 a composite number?
True
Is 37279 a composite number?
True
Is 76621 prime?
False
Is 2181 a composite number?
True
Is 331 prime?
True
Is 6421 a prime number?
True
Is 65311 prime?
False
Is 11519 prime?
True
Is 31013 prime?
True
Is 192683 composit